 2*c**2 - 2*c. Let h be a(-1). What is t(h)?
-3
Let g(n) = -2*n + 6. Let j be (-9)/((-126)/(-4)) - 102/(-14). Suppose -12 + j = -h. Determine g(h).
-4
Let m(y) = 4 - 8 - y**2 + y**3 - 4*y - 4*y**2. Suppose 0 = -8*r + 2*r + 36. What is m(r)?
8
Let q(d) = 5*d**2 + 1. Let z = 320 - 321. Determine q(z).
6
Let y(i) be the third derivative of -i**6/120 - i**5/10 - 5*i**4/24 - i**3 + 340*i**2. Suppose 0 = 3*z + 1 + 14. Determine y(z).
-6
Let p(a) be the third derivative of 1/6*a**3 + 5/24*a**4 + 0*a - 1/120*a**6 + 0 - 2*a**2 - 1/12*a**5. Give p(-6).
7
Let c = 3 + 0. Let d(a) = -3*a + 79. Let n be d(25). Let z(l) = -1 + 0*l**c - 3*l**2 - n*l + 0*l**3 + l**3. What is z(4)?
-1
Suppose 2*h + 4*h = -0*h. Let d(i) be the third derivative of h*i - 1/3*i**3 - i**2 - 1/12*i**4 + 0. Determine d(-2).
2
Let f(b) = 9*b + 2. Let h be f(1). Suppose -3*o + 3*n + 9 = 0, -o + 2*n - 3*n + h = 0. Let x(u) = -u**2 + 8*u - 7. Calculate x(o).
0
Let t(o) be the third derivative of o**5/60 + o**4/12 - o**3/6 + 85*o**2. What is t(1)?
2
Let o = 53 - 48. Let a(i) = 5 - 173*i - o + 176*i. Determine a(-1).
-3
Let b = -44 - -133/3. Let t(w) be the first derivative of -3 + b*w**3 - 3*w**2 + 4*w. What is t(4)?
-4
Let c(z) = z**2 - 4*z - 8. Let m = -66 - -48. Let o = m + 24. Give c(o).
4
Let c(z) be the second derivative of -24*z + 0 + z**2 + 1/3*z**3 - 1/12*z**4. Calculate c(3).
-1
Let f(j) = -j**2 - 7*j - 4. Let b = 107 + -110. Calculate f(b).
8
Let y(a) = -4*a**3 - 8*a**2 - 18*a - 13. Let w(z) = -z**3 - 3*z**2 - 5*z - 4. Let o(m) = -7*w(m) + 2*y(m). What is o(5)?
-3
Let z(b) = -2*b + 58. Let m be z(-19). Let p(u) = -m + 96 - 3*u. What is p(3)?
-9
Let a(p) = -7*p**2 + 5*p**2 + 3*p**2 + 44*p + 4 - 48*p. Calculate a(5).
9
Suppose -2*l - 22 = -4*c, -2*l + 32 - 58 = -5*c. Let i(k) = k**3 - 3*k**2 - 9*k + 13. Give i(c).
-7
Let a(x) = 8*x. Let l(f) = f + 4. Let z be l(8). Let d be (14 - z)/(-2*1). What is a(d)?
-8
Let j(a) = -a**2 + 7*a - 5. Suppose 7*h = 11*h - 28. Give j(h).
-5
Suppose 0 = -z - 2 + 6, -a = -2*z + 9. Let g(h) be the second derivative of -h**3/6 + h**2/2 + 2*h. Calculate g(a).
2
Let w(s) be the second derivative of 0 - 47*s - 1/4*s**4 + 4/3*s**3 + 3*s**2 - 1/20*s**5. Give w(-5).
16
Let w(v) = -v**2 - 158*v + 8 + 156*v - 7. Calculate w(-4).
-7
Let k(g) = g**3 - g**2 + 1. Suppose 4*q - 4 + 16 = 0, -2*q - 16 = -o. Let i = -6 - -6. Suppose 0*v + 3*v + 2*h - o = i, 4*v = -2*h + 12. Calculate k(v).
5
Let w(b) = -2*b**2 - 6*b - 1. Suppose -z + 8 = -6*c + 4*c, -5*z + 13 = -c. Suppose -z*a - a = 12. Determine w(a).
-9
Let b be 1 + -1 - (0 - -2). Let g(l) be the third derivative of -l**4/24 - 2*l**3/3 - 790*l**2. What is g(b)?
-2
Let h(n) = 6971 - 4*n + 2*n**3 - 6*n + 25*n**2 - 6980 - 8*n**2. Determine h(-9).
0
Let u(x) be the second derivative of x**7/2520 - x**6/180 + x**5/30 - 5*x**4/6 - 9*x. Let z(c) be the third derivative of u(c). What is z(3)?
1
Let w = 946 + -947. Let g(s) = 3*s**3 - s**2 - s. Calculate g(w).
-3
Let x(u) = 2*u**2 - 3*u + 8 + u**3 - 11 - 3*u**2. Suppose 2*n = -n - 27. Let c be 2*(0 + n/(-6)). Determine x(c).
6
Let k = 44 + -42. Suppose k*v = -t + 6*t, 3*t - 3*v = 9. Let p(g) = 0*g + 0*g - g. Determine p(t).
2
Suppose 4*z + 0*z = 0. Let k(y) be the second derivative of y**4/12 - 3*y**2 - 24*y. Let d(a) = -a**2. Let w(u) = -2*d(u) - k(u). Calculate w(z).
6
Suppose 0 = 2*w - 64 - 96. Let i = w - 76. Let a(d) be the first derivative of d**4/4 - 5*d**3/3 + 2*d**2 - d + 1. Determine a(i).
-1
Let f(j) = j**2 - 8*j**2 + 6*j + j**3 + 0 + 1. Suppose 0 = 4*t - 3*x + 88 - 109, t - 3 = 3*x. What is f(t)?
1
Let w(x) = -29 + 71 - 23 - x - 26. What is w(-7)?
0
Let z(k) = 10*k + 21. Suppose 4*v - 43*v = 117. What is z(v)?
-9
Let j be (-6)/12 - (-26)/4. Suppose 0 = -3*n + j, -2*x - x + 4*n - 5 = 0. Let s(c) = x - 2*c + c**2 + 4*c + 5*c. Give s(-6).
-5
Let x be (-6)/(-15) - 43/(-5). Suppose 0 = -2*j + x + 41. Suppose 2*m = -3*m + j. Let a(d) = d**2 - 8*d + 1. Determine a(m).
-14
Let g = 4 + 0. Let v(z) be the second derivative of z**6/360 + z**5/60 + z**4/4 + 16*z. Let r(n) be the third derivative of v(n). Determine r(g).
10
Suppose -5*a + a + 4*q + 20 = 0, 0 = 2*a + 4*q + 8. Let o(j) = -j**3 - j**2 + j - 1. Determine o(a).
-11
Let t(q) = -3*q - 3*q**2 + q**2 - q + 1. Let h(p) = p - 33. Let d be h(30). Give t(d).
-5
Let i be (3*(-2)/3)/(4 - 5). Suppose -5*k - 5*x + 16 + 4 = 0, -x - 8 = -5*k. Let m(p) = 5 - 2*p**2 + k*p - 7 + 2 + 1. Determine m(i).
-3
Let h be 36/(-10) - (-2)/(-5). Let w(s) = -1 - 11*s + 8*s + 2 + 7*s. Let z(u) = -5*u - 2. Let r(v) = 7*w(v) + 6*z(v). Give r(h).
3
Let v(k) = -2*k - 1. Let l(n) = n**2 - 6*n - 2. Let x(f) = 2*l(f) - 7*v(f). Let j = 0 + 8. Suppose -s = 3*s + j. Determine x(s).
7
Let p(l) = 2*l - 1. Let u(m) = -m + 14. Let s be u(10). Suppose 8*t = 12*t - s. Give p(t).
1
Suppose -5*r - 4*j + 23 = -0*r, -6 = -3*j. Let w(d) = d**2 - 3*d - 17 + 18 - r. What is w(3)?
-2
Let u(f) = 22*f + 37. Let m(c) = -9*c - 18. Let g(b) = -5*m(b) - 2*u(b). Determine g(14).
30
Suppose 7 = 5*l - 13. Suppose -5 = -5*o - 4*m, -7 + 4 = -3*o + l*m. Let t(d) = -7*d**2 + 1. Determine t(o).
-6
Let p(a) = a**2 + 7*a + 6. Let y(c) = -4*c**2 - c + 4. Let u be y(2). Let r = -19 - u. Calculate p(r).
-4
Let g(k) = 4*k + 2. Let q be (2/6)/(-5 - 112/(-24)). Calculate g(q).
-2
Let x(n) = -6*n + 1. Let l = -56 + 90. Let i = l + -6. Let w = i - 27. Give x(w).
-5
Let v(d) = -2*d + 2*d + 2*d**2 - 2*d + 2 + 0*d**2. Let n = 1152 - 1150. Determine v(n).
6
Let r(g) = -37*g + 22*g + 4 + 1 + 18*g. Determine r(7).
26
Let o(v) = v**3 + 5*v**2 + v - 5. Let k be o(-3). Let z(m) = 8*m - 25*m + 1 + 5*m + k*m - 17*m**3. Calculate z(1).
-18
Let m(l) = -3 + 7*l - 1 + 1. Let n(w) = -35*w + 9. Let f(x) = 29*x - 8. Let i(k) = 4*f(k) + 3*n(k). Let p(t) = 5*i(t) - 8*m(t). Give p(-1).
0
Let z(r) = -r + 11. Let c be z(8). Let f(v) = v**2 + 2 + 16*v**3 + 2*v**2 - 37*v**3 - 2*v + 19*v**c. Calculate f(2).
-6
Let p(s) = 68 - 34 - 22 + 5*s**2 - 4*s**2 - 12*s. Determine p(10).
-8
Let x = 17 + -8. Let c(t) = -x*t**2 - 11*t**2 + 2 + 8*t + 21*t**2. Let w be (-252)/30 - (-2)/5. Calculate c(w).
2
Let m(x) = -x**2 + 4*x - 12. Let v(y) = 2*y**2 - 13*y + 23. Let c(r) = -7*m(r) - 3*v(r). What is c(-6)?
-15
Suppose -4*i = 2*y - 4, 34 = y - 3*i + 7. Let m(r) = -6*r - 3 + 5 + y*r - 7*r - r**2. Calculate m(-2).
0
Let n be (-1)/(-3) - (-39)/(-9). Let u = 19 - 16. Let k(o) = -2*o + 57 - 31 - 24 - 5*o**2 - o**u. Calculate k(n).
-6
Let w = -77 + 80. Let m(k) be the third derivative of -1/24*k**4 + 0*k + 0*k**3 - k**2 + 0. Give m(w).
-3
Let s(v) = -35*v + 5. Let i(f) = 29*f - 4. Let w(c) = -6*i(c) - 5*s(c). What is w(-14)?
-15
Let x(i) be the third derivative of -i**5/60 - i**4/8 - 5*i**3/6 + 260*i**2. Calculate x(0).
-5
Let h(v) be the second derivative of v**4/12 + 13*v**3/6 - 9*v**2/2 + 7*v + 2. Calculate h(-14).
5
Let v(p) = 16*p**2 + 21*p - 1. Let g(c) = -3*c**2 - 4*c. Let f(q) = -7*q - 3. Let b be f(5). Let u = -27 - b. Let a(n) = u*g(n) + 2*v(n). What is a(-3)?
-5
Let x(i) = 6*i**3 + 13*i**2 - 4*i + 7. Let f(p) = 7*p**3 + 14*p**2 - 3*p + 8. Let a(n) = 5*f(n) - 6*x(n). Suppose 0 = -5*g - 26 - 19. Give a(g).
-2
Let b(g) = -g + 13. Let h be b(6). Let v be (-12)/42 + 2/h. Let n(q) = -q + 2*q + 0*q**2 + 3 + v*q**2 - q**2. Determine n(0).
3
Let w(i) be the first derivative of -i**3/3 + 3*i**2/2 - i - 3. Let l = -1 - -3. Let g be (l/5)/((-1)/(-10)). Give w(g).
-5
Let m = 215 - 223. Let f(v) = v**2 + 5*v - 19. Calculate f(m).
5
Let l(w) = -4*w**3 + 3*w**2 + 3*w. Let d(z) = z**3. Let g(s) = -5*d(s) - l(s). Let r = -26 + 24. Determine g(r).
2
Let v be ((-4)/10)/(-6 + 145/25). Let o(b) = 6 + v - 5 - 2*b. Calculate o(5).
-7
Let d(r) = -2*r - 31. Let m be d(-13). Let p(w) = w**2 + 3*w - 13. Let n be p(m). Let h(k) = k - 1. What is h(n)?
-4
Let b(y) = -y**2 + 20*y - 47. Let z be b(17). Suppose 5*n + 20 = z*s, n = -4*n - 4*s - 20. Let f(u) = u**2 - 2*u**2 + 2*u**2 + u + 1. Give f(n).
13
Let b(m) = -m**2 - 10*m + 4. Let o = -347 + 338. What is b(o)?
13
Let n(p) be the first derivative of 8*p**3/3 - 3*p**2/2 + p + 110. Calculate n(1).
6
Let q = -12 - -10. Let s be (-2)/(q - -1 - -3). Let x(h) = -7*h**3 - 2*h**2 + 1. Calculate x(s).
6
Suppose 5*q + 2*r = 5*r + 21, 5*q = 4*r + 18. Let f(i) = 3*i - 5*i + 4*i + 107 - 98. Let s(h) = -h - 4. Le